10 (base 2) to base 11
-295
What is -109 (base 12) in base 14?
-ad
What is -2674 (base 12) in base 10?
-4408
Convert -1054 (base 8) to base 14.
-2ba
4aa (base 11) to base 6
2444
What is -645 (base 9) in base 6?
-2235
-1010010101110 (base 2) to base 9
-7232
Convert -205c (base 14) to base 6.
-41442
What is -340200 (base 5) in base 12?
-6a99
40355 (base 7) to base 2
10011000111111
What is 78a6 (base 13) in base 7?
100114
What is -1121320 (base 5) in base 9?
-30645
Convert 31071 (base 8) to base 13.
5b10
Convert -13c5 (base 14) to base 16.
-db1
4212 (base 6) to base 5
12234
What is a324 (base 14) in base 12?
142a4
What is 23402 (base 8) in base 3?
111200212
Convert 5456 (base 8) to base 16.
b2e
What is 113002 (base 4) in base 11?
1120
Convert -11322 (base 4) to base 14.
-1d0
-2838 (base 11) to base 13
-1895
932 (base 12) to base 16
536
What is a94 (base 11) in base 14?
69b
Convert -219b (base 14) to base 7.
-22654
-32200 (base 5) to base 7
-6225
15200 (base 7) to base 3
12210002
Convert 3200331 (base 4) to base 13.
6726
What is -2e3c (base 16) in base 7?
-46336
7342 (base 11) to base 6
113010
Convert -101010100100 (base 2) to base 14.
-dc8
3012 (base 4) to base 2
11000110
Convert -36397 (base 11) to base 14.
-15134
228 (base 10) to base 5
1403
Convert -122205 (base 6) to base 14.
-3d6d
-3903 (base 12) to base 6
-50003
5040 (base 6) to base 15
4d9
Convert ae52 (base 15) to base 12.
19495
What is 214 (base 15) in base 16?
1d5
What is -5521 (base 7) in base 10?
-1975
37644 (base 8) to base 14
5d1a
What is 2020100 (base 3) in base 7?
4515
Convert 1b26 (base 14) to base 2.
1001101000110
What is -30642 (base 8) in base 15?
-3b71
What is -55d (base 15) in base 2?
-10010111101
Convert 330 (base 6) to base 14.
90
Convert 40144 (base 5) to base 6.
15445
680 (base 16) to base 6
11412
Convert -36460 (base 7) to base 11.
-7156
-123135 (base 6) to base 3
-120012012
Convert -2121220 (base 4) to base 7.
-40444
What is -36434 (base 8) in base 15?
-497e
What is 1061 (base 14) in base 7?
11151
Convert 101110101011000 (base 2) to base 5.
1231041
-1001110100111 (base 2) to base 9
-6810
-7365 (base 15) to base 7
-131060
What is 3030 (base 14) in base 2?
10000001010010
-47 (base 15) to base 16
-43
Convert c47e (base 16) to base 8.
142176
13864 (base 11) to base 3
222222121
What is -1030010 (base 4) in base 9?
-6608
-3413 (base 11) to base 8
-10613
What is 111111010011 (base 2) in base 5?
112201
Convert -56d (base 15) to base 8.
-2314
What is -130332 (base 4) in base 6?
-12330
55 (base 15) to base 6
212
-415 (base 15) to base 5
-12140
-2288 (base 9) to base 4
-122210
Convert -12440 (base 9) to base 4.
-2002323
Convert 12007 (base 9) to base 5.
224101
-174 (base 15) to base 4
-11032
-4505 (base 6) to base 2
-10000011001
What is 1524 (base 9) in base 2?
10010000100
What is 4286 (base 13) in base 14?
351a
Convert 2112 (base 4) to base 3.
12120
What is -153 (base 7) in base 11?
-7a
-29ab (base 14) to base 8
-16353
-1a99 (base 15) to base 4
-1122021
Convert -31815 (base 9) to base 10.
-21074
10211020 (base 3) to base 2
101011100011
270a (base 16) to base 12
594a
What is -6234 (base 9) in base 8?
-10727
1010 (base 5) to base 7
244
534 (base 6) to base 9
244
7407 (base 11) to base 10
9808
-8e (base 15) to base 5
-1014
-5575 (base 8) to base 7
-11401
What is -211222111 (base 3) in base 11?
-11650
What is -1011101010 (base 2) in base 14?
-3b4
What is 2794 (base 13) in base 6?
42214
-10d (base 16) to base 6
-1125
6c6 (base 14) to base 2
10101000110
-4962 (base 11) to base 12
-3901
734 (base 15) to base 12
b34
-14110 (base 7) to base 4
-323311
What is 1100000110 (base 2) in base 4?
30012
1100010100011 (base 2) to base 10
6307
1001122 (base 4) to base 6
31214
What is 11102110 (base 3) in base 11?
2472
What is 2120 (base 8) in base 2?
10001010000
Convert -28ad (base 15) to base 11.
-6601
What is 110101100100 (base 2) in base 13?
1739
-423 (base 15) to base 3
-1021120
What is -4433 (base 8) in base 16?
-91b
110444 (base 5) to base 12
22aa
17a9 (base 11) to base 12
13b5
What is -133220 (base 4) in base 15?
-8ee
What is -3b2 (base 14) in base 13?
-453
What is -21103132 (base 4) in base 3?
-1221021111
What is 5473 (base 8) in base 5?
43000
14dc (base 16) to base 9
7283
55213 (base 6) to base 2
1110111011001
-1360 (base 8) to base 13
-45b
Convert 81 (base 14) to base 10.
113
What is -10202220 (base 3) in base 9?
-3686
What is -1151353 (base 6) in base 2?
-1110111101010101
Convert 239 (base 14) to base 9.
542
112120021 (base 3) to base 8
24572
-3022301 (base 4) to base 3
-122210122
What is 6c (base 13) in base 7?
156
What is 10549 (base 11) in base 10?
15299
What is -7077 (base 12) in base 7?
-50350
What is -123115 (base 6) in base 14?
-4063
-12203 (base 5) to base 15
-41d
What is -52045 (base 6) in base 15?
-20cb
1305 (base 7) to base 6
2143
Convert -12101 (base 4) to base 6.
-1505
What is -12b93 (base 16) in base 15?
-17acb
-944 (base 11) to base 10
-1137
-93 (base 14) to base 15
-89
What is 73353 (base 8) in base 2?
111011011101011
What is 60 (base 13) in base 14?
58
Convert -2803 (base 12) to base 16.
-1203
Convert -651 (base 13) to base 7.
-3102
771 (base 14) to base 15
681
-fe2 (base 16) to base 6
-30454
1a98a (base 15) to base 8
251002
Convert -221124 (base 6) to base 14.
-69d2
What is 4077 (base 9) in base 5?
43421
881a (base 12) to base 9
22514
Convert 1433 (base 15) to base 6.
32003
Convert -2411 (base 5) to base 12.
-258
Convert 254 (base 12) to base 5.
2402
What is -907a (base 12) in base 16?
-3d1e
Convert -3311312 (base 4) to base 7.
-63605
-2443 (base 7) to base 5
-12123
What is -1312003 (base 5) in base 13?
-ba18
What is 110101001 (base 2) in base 16?
1a9
192 (base 12) to base 11
211
What is -138e (base 16) in base 11?
-3841
4025 (base 6) to base 2
1101110001
Convert -22202 (base 3) to base 6.
-1032
Convert 1947 (base 10) to base 16.
79b
What is -14054 (base 6) in base 3?
-10000021
19a (base 12) to base 11
219
2036 (base 8) to base 5
13204
Convert 105533 (base 6) to base 3.
110102110
10806 (base 12) to base 11
154a4
Convert -6943 (base 16) to base 5.
-1330242
-1759 (base 10) to base 14
-8d9
What is -4415 (base 7) in base 14?
-80c
What is b855 (base 14) in base 7?
161535
What is 3005 (base 8) in base 13?
917
Convert 52502 (base 7) to base 15.
3c78
3d9 (base 14) to base 10
779
Convert 1235 (base 12) to base 15.
922
What is -30110 (base 4) in base 3?
-1002012
What is 110 (base 4) in base 3?
202
1691 (base 10) to base 11
12a8
What is 12221100 (base 3) in base 4?
1003221
What is -210202 (base 3) in base 13?
-362
Convert -2121010 (base 3) to base 7.
-5343
What is 287 (base 12) in base 16?
187
What is -4518 (base 11) in base 2?
-1011100111100
What is 156505 (base 8) in base 7?
324101
Convert 11100000010 (base 2) to base 10.
1794
What is -26025 (base 9) in base 13?
-7c88
Convert 84a8 (base 13) to base 14.
69b8
Convert 44355 (base 7) to base 8.
25633
What is 4616 (base 7) in base 6?
11435
What is 214 (base 9) in base 14?
c7
Convert -2617 (base 11) to base 5.
-102111
What is -5b (base 15) in base 8?
-126
Convert -3520 (base 7) to base 9.
-1681
Convert -3140 (base 8) to base 2.
-11001100000
4113 (base 6) to base 7
2436
-1074 (base 14) to base 3
-10220102
8eaa (base 15) to base 2
111011001100110
What is 5581 (base 11) in base 6?
54005
What is 111060 (base 9) in base 4?
100031121
-301 (base 4) to base 5
-144
What is -363 (base 14) in base 12?
-483
12158 (base 10) to base 2
10111101111110
What is -113012 (base 4) in base 13?
-899
1047 (base 8) to base 5
4201
What is -11110101001101 (base 2) in base 10?
-15693
What is 5a0 (base 13) in base 16?
3cf
202000 (base 3) to base 2
1000011100
-1344 (base 9) to base 12
-704
4241 (base 6) to base 11
7a4
Convert -51 (base 14) to base 4.
-1013
-1376c (base 15) to base 6
-1201003
What is -11100000111110 (base 2) in base 12?
-83ba
What is 154 (base 8) in base 7?
213
What is 111111022 (base 3) in base 16?
266c
-600 (base 10) to base 14
-30c
What is 12cae (base 16) in base 6?
1352210
100101010000 (base 2) to base 11
1878
What is 42423 (base 5) in base 11?
2173
-593 (base 16) to base 8
-2623
202100212 (base 3) to base 13
69b0
What is 11b2 (base 13) in base 4?
213033
Convert 140 (base 10) to base 7.
260
What is 5556 (base 9) in base 8?
10005
-101101100